(w).
8
Suppose -x - 5*i + i = 14, 4*x - i = -22. Let z(b) = -b - 7. Give z(x).
-1
Suppose -3*h + 4*j + 1 - 12 = 0, 3*j - 3 = -3*h. Let s(x) = -18*x**2 - 1. What is s(h)?
-19
Let z(h) = h**3 + 2*h**2 - 9*h + 2. Let b be -10 - ((-96)/(-12) + -14). What is z(b)?
6
Let c(w) = w**3 - 45*w**2 - 44*w - 88. Let v be c(46). Let g(f) = -f**2 + 4*f - 1. What is g(v)?
-1
Let r(o) = -o**2 + 10*o - 8. Suppose 15*q - 99 = 36. Calculate r(q).
1
Suppose -4*s + 46 = -z, s + 3 - 13 = z. Let y(d) = s*d - 4 - d + 5*d**2 + d - 8*d + d**3. Let g = -7 + 3. Calculate y(g).
-4
Let r(c) = 6*c**2 + 8*c - 1. Let i(o) = -13*o**2 - 16*o + 2. Let v(t) = 4*i(t) + 9*r(t). Calculate v(-6).
23
Let n(u) = -u**2 + 3*u - 1. Let d be 1/(-8) - (-33)/8. Suppose 3*m + 8 - 21 = -4*k, d*k - 10 = -2*m. Calculate n(m).
-1
Let s(l) = -2*l + 2. Let p(q) = q**2 - 3*q - 30. Let n be p(7). Let r(y) = y**3 + 4*y**2 + 2*y - 1. Let z be r(n). What is s(z)?
-4
Let k(b) = 14*b**2 + 16*b + 8. Let u(z) = 3*z**2 + 4*z + 2. Let s(y) = -2*k(y) + 9*u(y). Determine s(7).
-19
Let c(k) = -5*k - 1. Suppose -2*w + 4*w = -2. Calculate c(w).
4
Let w(k) be the third derivative of k**8/6720 + k**7/630 - 7*k**6/720 - 7*k**5/120 + k**4/8 - 8*k**2. Let d(j) be the second derivative of w(j). Give d(-5).
3
Let c(p) = 9*p + 14. Let f be 546/117*(-3)/2. Determine c(f).
-49
Let n(y) = -4*y - 1. Let q be n(-2). Suppose 0 = 3*o - q + 1. Let p(d) = 4*d + o - 2*d + d**2 - 4 + d**2. What is p(2)?
10
Suppose 0 = o + 4*t, t = -o - t. Let s(g) = g**2 + g + 12. Determine s(o).
12
Let m(z) = -13*z + 3. Let l(p) = -23*p + 6. Let c(w) = 6*l(w) - 11*m(w). Determine c(-5).
-22
Suppose 2*j + 7*j - 54 = 0. Let s(b) = -b**3 + 6*b**2 + 3*b - 3. Determine s(j).
15
Let p = 35 + -60. Let k = 27 + p. Let v(x) = 49*x**k + 4 - 1 + x**3 - 45*x**2. Determine v(-3).
12
Let i(c) be the first derivative of c**3/3 - 2*c**2 + c - 4. Let f be (22/18 + 2/(-9))*5. Determine i(f).
6
Let m = -58 - -90. Let u = 588 - 585. Suppose 0 = 4*i + 2*t + 3*t + 4, -5*i + u*t = -m. Let p(l) = -l**3 + 4*l**2 + 3*l + 3. Give p(i).
15
Let s be ((-15)/10)/1*-2. Suppose -2*q + 2*x + 6 = 3*q, s = q - x. Let o(w) = -w - 13. Determine o(q).
-13
Let q(h) = 4*h**2 + 3*h - 2. Suppose -u + 2*u + 9 = 0. Let s(i) = 17*i**2 + 12*i - 8. Let d(l) = u*q(l) + 2*s(l). Give d(-3).
-7
Suppose -3*t - t = 140. Let p = t - -39. Let s(z) = z**2 - 5*z + 6. What is s(p)?
2
Let v(d) = d**2 - 21*d + 26. Let t be v(20). Let p(c) = -5*c**2 - 12*c - 2. Let x(u) = -u**2 - u + 1. Let m(h) = p(h) - 6*x(h). Calculate m(t).
-8
Suppose 8*s + 19 = -11*s. Let w(h) = 20*h**3 - 21*h**2 - 16*h + 11. Let j(p) = -4*p**3 + 4*p**2 + 3*p - 2. Let t(o) = 11*j(o) + 2*w(o). Determine t(s).
5
Let i(u) = -u**3 + 3*u**2 - 2*u + 3. Let j be (-9)/(9/4) + 7. Let d be i(j). Let m(n) = n**3 + 2*n**2 - 3*n - 4. Give m(d).
-4
Suppose 3*p - 38 = -17. Suppose -4*t + p*t = 3*l + 33, -l = t - 15. Suppose -t = 3*b - 1, b + 8 = -k. Let w(y) = -y - 3. What is w(k)?
1
Let q(n) = -n**3 - 5*n**2 + n - 1. Let b be ((225/20)/(-9))/(4/16). Give q(b).
-6
Suppose 16 = 5*n - n. Let c be 0 - 2/n*4. Let l(h) = 0*h - 2 - 2*h**2 + 0*h**2 - 3*h + 1. Determine l(c).
-3
Let w(h) = -h**3 - 5*h**2 - 6*h - 2. Let x = -10 + 15. Let k(s) = 2*s - 14. Let p be k(x). Give w(p).
6
Suppose -3 = -o, 5*w - o - 24 = o. Suppose -12 = -5*c + i, 0 = w*c - c - 5*i. Let s(p) = 7*p**2 + 41*p**c - 82*p**3 - 4 + 42*p**3 + 6*p. What is s(-6)?
-4
Suppose 5*n - 4*d - 23 = 0, -6 = -3*n + d + 5. Let q(h) = h + 2. Determine q(n).
5
Suppose 2*c + 5*l = 27 - 12, -3*c + 9 = 3*l. Suppose k + 14 - 6 = c. Let m = k + 11. Let y(x) = -x**3 + x**2 + 4*x + 1. Calculate y(m).
-5
Let a(k) be the first derivative of 2*k**4 + 1/2*k**2 + k + 12 - 1/3*k**3. Let v(c) = -c**2 - 5*c - 7. Let l be v(-2). What is a(l)?
-9
Let y(b) = -b**2 - 9*b - 8. Let f = -195 - -187. What is y(f)?
0
Let g = 1640 - 1640. Let d(f) = -2*f + 4. Determine d(g).
4
Let a(s) = 0*s + s - s - s. Suppose 5*h + g - 30 = -11, 4*h + g = 16. What is a(h)?
-3
Let z be ((-3)/3)/(7/(-56)). Let a be 4 + 145/(-40) - 19/z. Let i(j) = -7*j - 2. Give i(a).
12
Let u = -200 - -198. Let c(o) = 19*o + 1. Calculate c(u).
-37
Suppose -52 = -i - 55. Let x(d) = -d**3 - 2*d**2 - 4. Calculate x(i).
5
Let f = -11 - -13. Suppose -f*w + 3*v + 16 = 0, 4*w - 19 - 1 = 3*v. Let j(b) = -b**3 - 3 + w*b**2 + 2*b**2 - 8*b**2 - 5*b. Give j(-3).
3
Let w(r) be the first derivative of -3*r**2 - 160. What is w(-2)?
12
Let w(z) be the first derivative of -3*z**2 + 7/3*z**3 - 1/4*z**4 + 1 - 6*z. Let p = -4 + 10. What is w(p)?
-6
Let a(g) = -9*g**3 + 15*g**2 - 4*g + 11. Let v(l) = -7*l**3 + 14*l**2 - 6*l + 12. Let t(n) = 3*a(n) - 4*v(n). Give t(10).
5
Suppose -u + 4*h - 1 = 0, 1 = -h + 2. Let m be (-2)/u - 160/(-24). Let b(x) = 0*x**2 + 0*x**2 - x**2 - m*x. Calculate b(-5).
5
Let p(u) = -2*u + 2. Suppose d + 2*v - 17 = 0, 4*d - 5*v - 97 = -29. Let o = -10 + d. Suppose 0*w = -j + 3*w + o, 5*j - 2*w = -4. Give p(j).
6
Let f(i) = 31*i + 97. Let y be f(-3). Let q(g) = g**3 - 6*g**2 + 2. Determine q(y).
-30
Let t(j) = j**3 + 6*j**2 + 5*j + 3. Let i = -529 + 525. Give t(i).
15
Let f(w) = -w + 7485 - 7506 + 4*w. Give f(8).
3
Suppose 12 = -2*p + 76. Let c = p + -37. Let g(f) = -f**3 - 6*f**2 - 4*f + 2. Calculate g(c).
-3
Let r(i) = -3*i**3 - 3*i**2 - 8*i + 5. Let b(n) = -n**3 + n**2 - 2*n + 1. Let c(y) = -2*b(y) + r(y). Give c(-4).
3
Suppose 22 - 51 = -5*b + v, 2*b = -2*v + 2. Suppose -4*a = -b*j + 4, 6*a - a = 3*j + 8. Suppose -1 - 19 = -a*o. Let x(s) = s**2 - 7*s + 1. Give x(o).
-9
Let k(c) = c**2 - 2*c + 2. Let w be k(2). Let l be 4 + w + (-3 - 0). Let g(q) = -5*q**2 - 2*q**3 + 3*q**3 - 2*q**l + 0*q**3. What is g(-5)?
0
Let y(q) = q - 1. Let v(z) = z - 3. Let h be v(6). Suppose 0 = c + h*c + 8. Let f = c - -3. Determine y(f).
0
Let b = -1923 + 1947. Let q(l) = l**2 - 25*l + 23. Calculate q(b).
-1
Let w(b) be the second derivative of -b**5/20 - 2*b**4/3 - 11*b**3/6 - 5*b**2 + 82*b + 1. Calculate w(-7).
18
Let v(w) = 6*w + 183. Let l be v(-31). Let y(i) = 2*i + 7. Determine y(l).
1
Suppose -5*r + x = 28, -3*x - 1 = 2*r - 0. Let m(h) = -2*h + 2. Calculate m(r).
12
Let y be ((-22)/14 + 1)*(-2016)/192. Let t(k) = -k**2 + 5*k + 8. What is t(y)?
2
Let q(m) = 10*m + 46. Let y(v) = 2*v + 9. Let n(l) = 2*q(l) - 11*y(l). Calculate n(6).
-19
Let w(v) = v**3 - 5*v**2 - 12*v + 34. Let z be w(6). Let a(q) = 2*q + 4. Determine a(z).
0
Suppose -3*c = -m - 3, 0 = 4*m + 5*c + 1 - 6. Let p(j) = j**3 - j - 6. Let b(q) = -q**3 + q + 6. Let n(y) = 4*b(y) + 5*p(y). Calculate n(m).
-6
Suppose -3*f - 2 = 4*w - 7, 0 = 5*f - 5*w + 50. Let s(i) be the second derivative of -i + 1/12*i**4 + 7/6*i**3 + 7/2*i**2 + 0. Calculate s(f).
-3
Let r(u) = -13*u**3 + 24*u**2 - 29*u - 28. Let k(b) = 7*b**3 - 12*b**2 + 16*b + 14. Let y(s) = 11*k(s) + 6*r(s). Calculate y(12).
10
Let t(w) = 3*w - 9. Let b(u) = u - 5. Let a(c) = -7*b(c) + 3*t(c). Suppose 64*r + 252 = 22*r. Calculate a(r).
-4
Suppose 0 = p + 4*c + 4, -p + 24*c = 25*c + 7. Let z(d) be the second derivative of -d**4/12 - 4*d**3/3 + 5*d**2 + 2*d. Determine z(p).
10
Let m(k) = -20*k**3 + 24*k**2 - 32*k - 21. Let q(r) = -7*r**3 + 8*r**2 - 11*r - 7. Let s(p) = -6*m(p) + 17*q(p). Let f be 30/10 - 4*-1. What is s(f)?
-7
Let w(u) = -u**3 + 4*u**2 + 2*u + 10. Let z be (4/32)/(14/560). Give w(z).
-5
Let p(i) = 5*i. Let v be p(-1). Let m(y) = -y**3 - 2*y + 1. Let z(b) = 7*b**3 + 5*b**2 + 13*b - 4. Let l(x) = 6*m(x) + z(x). Determine l(v).
-3
Let v be -6 - ((-15)/9 + (-2)/6). Let g be -4 + -7 - -4 - v. Let b(t) = 4*t**2 - t + 2. Let z(c) = -c**2 - c - 1. Let k(a) = -b(a) - 5*z(a). Determine k(g).
-6
Let i(g) = -g**3 + 5*g**2 + 4*g + 7. Let u(c) = c**3 - 9*c**2 - 2*c + 22. Let t be u(9). Suppose 6*b = t*b + 12. Determine i(b).
-5
Let c(j) be the third derivative of -j**4/24 - 5*j**3/6 - 18*j**2. Let x be c(-11). Let h(p) = -3*p + 1. Give h(x).
-17
Let l(i) = 5*i + 18. Let a be l(6). Let u = a - 41. Let z(w) = -w**3 + 7*w**2 + w + 4. Give z(u).
11
Let q(i) = -94 - 98 + 184 - i. Calculate q(-4).
-4
Let p(f) be the third derivative of f**6/120 - f**5/10 - f**4/12 + 7*f**3/6 - 12*f**2 + 22*f. Determine p(6).
-5
Let a(g) be the second derivative of -g**3/6 - 7*g**2/2 + g - 1. Let j(y) be the second derivative of -y**2/2 - y. Let k(c) = a(c) - 6*j(c). Give k(-2).
1